{"id":67,"date":"2020-09-03T11:53:23","date_gmt":"2020-09-03T11:53:23","guid":{"rendered":"https:\/\/psichologepsichoterapeute.lt\/?page_id=67"},"modified":"2024-02-08T12:49:39","modified_gmt":"2024-02-08T12:49:39","slug":"kontaktai","status":"publish","type":"page","link":"https:\/\/psichologepsichoterapeute.lt\/index.php\/kontaktai\/","title":{"rendered":"Kontaktai"},"content":{"rendered":"\n<p>Su manimi susiekti galite:<\/p>\n\n\n\n<ul class=\"wp-block-list\" id=\"block-1d886a6f-eb1d-42c7-9aca-bc38383c9cbb\"><li><strong>el. pa\u0161tu<\/strong>: psichologe.kazlauskiene@gmail.com;<\/li><li><strong>telefonu<\/strong>: +37062730526.<\/li><\/ul>\n\n\n\n<p class=\"has-normal-font-size\"><strong>Adresas:<\/strong> Kalvarij\u0173 gatv\u0117 125B, Vilnius.<\/p>\n\n\n\n<p>Konsultacijos vyksta darbo dienomis ir \u0161e\u0161tadieniais kabinete arba nuotoliu.<\/p>\n\n\n\n<p class=\"has-small-font-size\">Sutarus laik\u0105, ta\u010diau pasikeitus planams, konsultacija at\u0161aukiama ma\u017eiausiai prie\u0161 48 valandas. Kitu atveju, \u0161is laikas lieka rezervuotas jums ir yra apmokestintas pilna konsultacijos kaina (i\u0161skyrus ligos atvejus).<\/p>\n\n\n\n<p style=\"font-size:9px\">Konfidencialumas garantuojamas. I\u0161skyrus atvejus kai gresi\u0105 gyvybei pavojus klientui ar kitiems.<\/p>\n\n\n\n<p style=\"font-size:9px\">LGBT+ friendly<\/p>\n","protected":false},"excerpt":{"rendered":"<p>Su manimi susiekti galite: el. pa\u0161tu: psichologe.kazlauskiene@gmail.com; telefonu: +37062730526. Adresas: Kalvarij\u0173 gatv\u0117 125B, Vilnius. Konsultacijos vyksta darbo dienomis ir \u0161e\u0161tadieniais kabinete arba nuotoliu. Sutarus laik\u0105, ta\u010diau pasikeitus planams, konsultacija at\u0161aukiama ma\u017eiausiai prie\u0161 48 valandas. Kitu atveju, \u0161is laikas lieka rezervuotas jums ir yra apmokestintas pilna konsultacijos kaina (i\u0161skyrus ligos atvejus). Konfidencialumas garantuojamas. I\u0161skyrus atvejus kai <a class=\"read-more\" href=\"https:\/\/psichologepsichoterapeute.lt\/index.php\/kontaktai\/\">Read More<\/a><\/p>\n","protected":false},"author":1,"featured_media":0,"parent":0,"menu_order":0,"comment_status":"closed","ping_status":"closed","template":"","meta":{"_monsterinsights_skip_tracking":false,"_monsterinsights_sitenote_active":false,"_monsterinsights_sitenote_note":"","_monsterinsights_sitenote_category":0,"footnotes":""},"class_list":["post-67","page","type-page","status-publish","hentry"],"aioseo_notices":[],"_links":{"self":[{"href":"https:\/\/psichologepsichoterapeute.lt\/index.php\/wp-json\/wp\/v2\/pages\/67","targetHints":{"allow":["GET"]}}],"collection":[{"href":"https:\/\/psichologepsichoterapeute.lt\/index.php\/wp-json\/wp\/v2\/pages"}],"about":[{"href":"https:\/\/psichologepsichoterapeute.lt\/index.php\/wp-json\/wp\/v2\/types\/page"}],"author":[{"embeddable":true,"href":"https:\/\/psichologepsichoterapeute.lt\/index.php\/wp-json\/wp\/v2\/users\/1"}],"replies":[{"embeddable":true,"href":"https:\/\/psichologepsichoterapeute.lt\/index.php\/wp-json\/wp\/v2\/comments?post=67"}],"version-history":[{"count":9,"href":"https:\/\/psichologepsichoterapeute.lt\/index.php\/wp-json\/wp\/v2\/pages\/67\/revisions"}],"predecessor-version":[{"id":188,"href":"https:\/\/psichologepsichoterapeute.lt\/index.php\/wp-json\/wp\/v2\/pages\/67\/revisions\/188"}],"wp:attachment":[{"href":"https:\/\/psichologepsichoterapeute.lt\/index.php\/wp-json\/wp\/v2\/media?parent=67"}],"curies":[{"name":"wp","href":"https:\/\/api.w.org\/{rel}","templated":true}]}}