{"id":42,"date":"2020-09-03T11:18:00","date_gmt":"2020-09-03T11:18:00","guid":{"rendered":"https:\/\/psichologepsichoterapeute.lt\/?page_id=42"},"modified":"2025-01-08T12:34:47","modified_gmt":"2025-01-08T12:34:47","slug":"kainos","status":"publish","type":"page","link":"https:\/\/psichologepsichoterapeute.lt\/index.php\/kainos\/","title":{"rendered":"Kainos"},"content":{"rendered":"\n<p><strong>Konsultacijos kainos:<\/strong><\/p>\n\n\n\n<ul class=\"wp-block-list\">\n<li>60 eur\u0173 individuali konsultacija; (50 min.)<\/li>\n<\/ul>\n\n\n\n<ul class=\"wp-block-list\">\n<li>75 eurai \u0161eimos\/poros konsultacija (trukm\u0117 1 val.); Esant poreikiui 1,5 val. &#8211; 85 eurai (i\u0161 anksto susiplanavus ilgesn\u012f laik\u0105).<\/li>\n<\/ul>\n\n\n\n<ul class=\"wp-block-list\">\n<li>konsultavimasis lai\u0161kais &#8211;  40 eur\u0173 atsakymas \u012f vien\u0105 lai\u0161k\u0105. 5 lai\u0161kai &#8211; 100 eur\u0173.<\/li>\n<\/ul>\n\n\n\n<p>Iki malonaus!<\/p>\n\n\n\n<p>Kontaktai: +37062730526, psichologe.kazlauskiene@gmail.com .<\/p>\n\n\n\n<p><\/p>\n\n\n\n<p class=\"has-small-font-size\">Sutarus laik\u0105, ta\u010diau pasikeitus planams, konsultacija at\u0161aukiama ma\u017eiausiai prie\u0161 48 valandas. Kitu atveju, \u0161is laikas yra apmokestintas pilna konsultacijos kaina (i\u0161skyrus ligos atvejus).<\/p>\n","protected":false},"excerpt":{"rendered":"<p>Konsultacijos kainos: Iki malonaus! Kontaktai: +37062730526, psichologe.kazlauskiene@gmail.com . Sutarus laik\u0105, ta\u010diau pasikeitus planams, konsultacija at\u0161aukiama ma\u017eiausiai prie\u0161 48 valandas. Kitu atveju, \u0161is laikas yra apmokestintas pilna konsultacijos kaina (i\u0161skyrus ligos atvejus).<\/p>\n","protected":false},"author":1,"featured_media":0,"parent":0,"menu_order":0,"comment_status":"closed","ping_status":"closed","template":"","meta":{"_monsterinsights_skip_tracking":false,"_monsterinsights_sitenote_active":false,"_monsterinsights_sitenote_note":"","_monsterinsights_sitenote_category":0,"footnotes":""},"class_list":["post-42","page","type-page","status-publish","hentry"],"aioseo_notices":[],"_links":{"self":[{"href":"https:\/\/psichologepsichoterapeute.lt\/index.php\/wp-json\/wp\/v2\/pages\/42","targetHints":{"allow":["GET"]}}],"collection":[{"href":"https:\/\/psichologepsichoterapeute.lt\/index.php\/wp-json\/wp\/v2\/pages"}],"about":[{"href":"https:\/\/psichologepsichoterapeute.lt\/index.php\/wp-json\/wp\/v2\/types\/page"}],"author":[{"embeddable":true,"href":"https:\/\/psichologepsichoterapeute.lt\/index.php\/wp-json\/wp\/v2\/users\/1"}],"replies":[{"embeddable":true,"href":"https:\/\/psichologepsichoterapeute.lt\/index.php\/wp-json\/wp\/v2\/comments?post=42"}],"version-history":[{"count":17,"href":"https:\/\/psichologepsichoterapeute.lt\/index.php\/wp-json\/wp\/v2\/pages\/42\/revisions"}],"predecessor-version":[{"id":216,"href":"https:\/\/psichologepsichoterapeute.lt\/index.php\/wp-json\/wp\/v2\/pages\/42\/revisions\/216"}],"wp:attachment":[{"href":"https:\/\/psichologepsichoterapeute.lt\/index.php\/wp-json\/wp\/v2\/media?parent=42"}],"curies":[{"name":"wp","href":"https:\/\/api.w.org\/{rel}","templated":true}]}}